t t be h(6). Suppose -s + t = -0*s. What is the highest common divisor of 24 and s?
12
Let s = -9 - -13. Suppose s*d - 168 = -0*d. Calculate the highest common divisor of 63 and d.
21
Let p(i) = -i**2 - 4*i + 1. Let t = -2 + -1. Let j be p(t). What is the greatest common divisor of 16 and j?
4
Suppose 3*l + 28 = 7*l. Let d(u) = 2*u + 1. Let h be d(l). Calculate the greatest common factor of h and 3.
3
Let r = 124 - 195. Let n = -11 - r. What is the highest common divisor of 90 and n?
30
Let h = 43 + -17. Calculate the highest common divisor of 65 and h.
13
Suppose -4*m + u + 300 = -3*u, 2*u + 78 = m. What is the greatest common divisor of 18 and m?
18
Let m(j) = -j. Let d be m(-2). Suppose 4*b = 6 + 14, -3*p + 4*b = d. What is the greatest common factor of p and 2?
2
Suppose 2*m - 8 = -4*g + 6*m, -3*m + 18 = 3*g. Suppose -25 - 30 = 5*x - 5*n, -5*x - g*n = 91. Let o = -6 - x. What is the greatest common divisor of o and 1?
1
Let h = 12 + -10. Let j(m) be the second derivative of -m**5/20 + m**4/12 + m. Let g be j(-1). Calculate the greatest common divisor of g and h.
2
Let f = -25 + 32. Suppose b = f*b - 276. Calculate the greatest common divisor of b and 115.
23
Suppose 2*k = -4*l + 122, 5*l - 6*k - 145 = -k. What is the highest common divisor of l and 330?
30
Suppose 2*p = 9 + 7. Calculate the highest common divisor of 1 and p.
1
Let h be (11/(-33))/((-2)/6). What is the greatest common factor of 11 and h?
1
Suppose 6*i + 3*c - 139 = i, i = -c + 27. What is the highest common factor of 261 and i?
29
Let b(o) be the first derivative of 13/3*o**3 - 1/4*o**4 - 5*o**2 - 7*o - 2. Let g be b(12). What is the greatest common divisor of g and 136?
17
Let v = -8 + 26. Calculate the highest common factor of 9 and v.
9
Let h(r) = -6*r + 6. Let c be h(-5). Let a = c + -21. Calculate the greatest common divisor of a and 105.
15
Suppose -4*s = -2*j + 236, 3*j - 167 = 3*s + 7. Let y = -36 - s. What is the greatest common divisor of 36 and y?
12
Suppose 0 = -0*z + 5*z - 10. Let a be -8*(3/3 - z). Calculate the greatest common divisor of a and 2.
2
Suppose -2*f + 0 = -4. Let b be 14 - (2 - (1 + f)). What is the highest common factor of 15 and b?
15
Suppose -4*w = -2*w + 2*i - 154, 5*w = 5*i + 405. Let f be w + 0 + 24/12. Let n = 14 + -5. What is the greatest common divisor of n and f?
9
Let y(i) = i + 3. Let g be y(2). Calculate the highest common factor of 10 and g.
5
Suppose -5*l = -0*s - 5*s + 135, 3*s + 2*l = 91. What is the greatest common factor of s and 203?
29
Let o(h) = -4*h - 5. Let t be o(-3). What is the highest common factor of t and 70?
7
Let o be (-4)/34 - 1560/(-255). What is the highest common factor of 66 and o?
6
Suppose 3 = -q, -4*z - 3*q + 140 = 13. Let a be ((-34)/4)/((-2)/4). What is the greatest common factor of a and z?
17
Let r = -4 - -8. Suppose 0 = 2*p - 3*h + 8, -16 = -r*h - 0*h. Suppose -44 = v - 3*v. Calculate the greatest common divisor of v and p.
2
Suppose 26*z = 24*z + 72. What is the greatest common divisor of z and 8?
4
Let d(w) = -w**2 + 55. Let m be -2 + 0/2 - -2. Let p be d(m). Suppose 5*y = -2*b + 7*b - 10, 0 = 5*b + 3*y - 34. What is the highest common divisor of b and p?
5
Let t = 102 + -98. What is the highest common factor of t and 44?
4
Let k be 0*(3/2 + -1). Suppose -b + 87 = 3*r, k = r + r + 5*b - 45. What is the highest common divisor of 20 and r?
10
Suppose 0 = -3*c - 15, 0 = -d + c + 2*c + 3. Let t = -7 - d. Suppose -t - 7 = -r. Calculate the greatest common divisor of 18 and r.
6
Suppose 5*h - 612 = h. Suppose 2*d + d = h. What is the greatest common factor of 34 and d?
17
Suppose -4*k + 35 = -33. Calculate the highest common factor of k and 51.
17
Let c(g) = 2*g**2 - 18*g + 7. Let v be c(0). Suppose -3*m - 6 = 6. Let a(h) = -11*h + 5. Let x be a(m). Calculate the greatest common divisor of v and x.
7
Let x = 105 - -5. Calculate the greatest common factor of 55 and x.
55
Let z be 30 - -4 - (0 + 2). Suppose 3*t + 2*s + 50 = 0, t - 2*s - 9 = -31. Let m = z + t. Calculate the highest common divisor of m and 126.
14
Let o = -5 - -55. What is the greatest common factor of o and 25?
25
Let l = 1 - 1. Suppose l*r + 5*r - 10 = 0. Let c be r/(1 - (-39)/(-40)). What is the highest common factor of c and 10?
10
Suppose -3*z - 20 = -7*z. Let d = -5 + z. Suppose 0*k + 2*k - 36 = d. What is the greatest common divisor of 2 and k?
2
Let l = -164 - -206. Calculate the greatest common divisor of l and 42.
42
Let z be 12 - (4 + (4 - 8)). Calculate the highest common factor of z and 2.
2
Let u be 14/(0 + (-2)/(-9)). Calculate the highest common divisor of 9 and u.
9
Suppose 0 = -0*h + 3*h - 9. Suppose -h*c + 458 = 170. Calculate the highest common factor of c and 24.
24
Suppose -1 = 5*l - 16. What is the greatest common factor of l and 21?
3
Let h(i) = 5*i - 18. Let j be h(9). Let q be 6*1/4*2. What is the highest common factor of j and q?
3
Let h(u) = 132*u**3 - 2*u**2 + u - 1. Let j be h(1). Calculate the greatest common factor of j and 5.
5
Let w(j) = -j. Let f be w(4). Let r be f/10 - 964/(-10). Calculate the highest common factor of 12 and r.
12
Let j = -26 - -41. Calculate the highest common divisor of 150 and j.
15
Let n = -4 - -3. Let x be n*(2 - (65 + 1)). Let o = 37 - 29. Calculate the greatest common factor of x and o.
8
Suppose -5*z + 140 = 5*c, -2*z - 5*c = -7*z + 100. Suppose 34 = 2*f - z. Suppose o - 20 = 5*o, 0 = i - 3*o - f. What is the highest common factor of 112 and i?
14
Suppose -2*j - 2 = -8. Let s = -15 + 24. What is the greatest common factor of j and s?
3
Let n be ((-3725)/20)/(-1) + 9/12. What is the greatest common factor of n and 17?
17
Let p = 24 + 3. Calculate the greatest common divisor of 3 and p.
3
Let p(o) = -o**3 + 7*o**2 - 4*o - 1. Let a be p(6). Suppose -5*w + 121 = -44. Calculate the greatest common divisor of a and w.
11
Let t = 34 + 162. Calculate the greatest common divisor of t and 28.
28
Let u = 192 - 182. Let h = 6 + -4. Suppose 2*f = h*y - 165 - 17, -3*y + 266 = 4*f. What is the greatest common factor of y and u?
10
Suppose -2*b + 27 = -5. Calculate the greatest common divisor of 128 and b.
16
Let g be (-3252)/(-60) - 1/5. Suppose 5*i + g = 8*i. Let q(d) = -4*d**3 - 4*d**2 - 2*d - 2. Let o be q(-4). Calculate the greatest common divisor of o and i.
18
Suppose v + 0*v - 231 = 0. What is the highest common factor of 33 and v?
33
Suppose 2*b + 4*s = -2*b + 88, -2*s + 92 = 4*b. Calculate the highest common divisor of 120 and b.
24
Let v be 0 - (-240 - (0 + 0)). Suppose -2*h + v = 2*h. Calculate the highest common divisor of h and 15.
15
Let h = -35 - -69. Calculate the greatest common divisor of h and 272.
34
Let l = -1 - -2. Let k(i) = -i + 11. Let p be k(10). Let b = p + 2. Calculate the greatest common factor of l and b.
1
Let b be ((-4)/6)/(17/(-204)). Calculate the highest common divisor of b and 1.
1
Suppose 6*t - 11*t + 1160 = 0. What is the greatest common factor of 29 and t?
29
Let u = 55 - 27. Calculate the highest common divisor of 7 and u.
7
Let b(a) = a**2 + 7*a - 2. Let o be b(-8). Calculate the highest common factor of 54 and o.
6
Let j be (10/3)/(2/42). Let g = j + -36. Suppose 34 = 4*z - 2*z + 5*n, 0 = -z + n + 17. Calculate the highest common factor of z and g.
17
Let p be -4*(14/(-8) - 0). Suppose -5*q + 83 + 86 = 3*w, 3*w + 76 = 2*q. Calculate the greatest common divisor of q and p.
7
Let g = -15 + 23. Suppose -5*s + 57 + 8 = -4*y, -2*s + g = 2*y. Suppose -h + s = -16. Calculate the highest common factor of 10 and h.
5
Let f(k) = -k**3 + 8*k**2 + 5*k. Let w be f(6). Suppose 5*x = w + 78. Let m(u) = -2*u - 1. Let n be m(-5). Calculate the highest common factor of n and x.
9
Suppose -19 = -4*f + 41. Suppose -4*q + 0*p = p - 45, -2*q = 5*p - 45. What is the greatest common factor of f and q?
5
Let z = 29 + 15. Calculate the greatest common divisor of z and 4.
4
Suppose 0 = -10*w + 5*w + 25. Calculate the greatest common factor of 5 and w.
5
Let w = 76 - 34. What is the greatest common divisor of 6 and w?
6
Let i = 183 + -173. What is the greatest common factor of i and 20?
10
Let d be 560/8 - (0 + 0/(-1)). Calculate the greatest common factor of 10 and d.
10
Let w be 1425/171 - 1/(-6)*-2. Calculate the greatest common factor of 16 and w.
8
Let s(p) = 4*p - 5. Let l